 + s. Let v be k(y). Calculate the highest common divisor of v and 154.
14
Suppose -i + 83 = 5*u - 69, 5*u - 476 = -3*i. What is the highest common divisor of 18 and i?
18
Let v(o) = 2*o - 12. Let z be v(11). Suppose z*k = 5*k - j + 42, -2*k = 2*j - 12. Calculate the highest common divisor of 6 and k.
3
Let s(d) = -d + 4. Let q be s(4). Suppose 5*i = 0, -5*z - 3*i = -q*z - 40. What is the greatest common divisor of 32 and z?
8
Let a(i) = i**2 + 8*i + 2. Let u be a(-8). Let m be (u - 1)*(0 - 0). Let g be m/(4 - 2) + 1. Calculate the greatest common divisor of 5 and g.
1
Let u be 4*1*66/8. Suppose 0 = l + 5 - u. Let b(d) = 70*d**2 - d - 1. Let s be b(-1). Calculate the highest common factor of s and l.
14
Let u(z) = -4*z - 4. Let a be u(6). Let p be -6*(0 + a/8). What is the greatest common factor of 3 and p?
3
Let u = -28 + 49. Calculate the greatest common factor of 63 and u.
21
Let j(r) = 19*r**2 - 6. Let l be j(3). Suppose 0 = -2*g + 3*g - l. What is the highest common factor of 15 and g?
15
Let c(d) = -d**3 + 4*d**2 + 2*d + 1. Let q be c(4). What is the greatest common factor of q and 9?
9
Let z(c) = -4*c**2 + c. Let s(m) = -4*m**2 + m. Let f(p) = 3*s(p) - 4*z(p). Let n be f(-2). What is the highest common divisor of 9 and n?
9
Let z(j) = -j**2 - 14*j + 12. Let b be (-84)/8 - 1/2. Let o be z(b). What is the highest common divisor of 5 and o?
5
Suppose -h - 4*o + 70 = -94, 5*h - o = 715. What is the highest common divisor of h and 24?
24
Let s(o) = o**3 - 3*o**2 - 3*o. Let j be s(4). Let u be (-18)/21*(-42)/9. Calculate the greatest common factor of u and j.
4
Let q = 31 - 18. Suppose r - 57 = -q. Suppose 2*z + 2 = -3*y + 6, 2*z + 8 = 0. What is the greatest common divisor of y and r?
4
Let i = -40 - -41. What is the highest common divisor of i and 11?
1
Let l be (-6 + 3 - 2)*-1. Suppose 5*n - d - 30 = 4*d, -26 = -n + l*d. Let g be (2 - 0)*6/4. Calculate the greatest common divisor of n and g.
1
Let c = 202 + -18. Calculate the highest common divisor of 23 and c.
23
Let m be -5 - (-5)/((-10)/(-6)). Let g be 5*-1*26/m. What is the highest common divisor of g and 26?
13
Let g be (3/(-2))/(2/(-20)). Suppose -y + 2*y = -2*s + 169, 0 = 2*y - 2*s - 326. Calculate the greatest common factor of y and g.
15
Let k(c) = c**3 + 24*c**2 - 26*c - 15. Let g be k(-25). Calculate the greatest common factor of 2 and g.
2
Suppose -w + 9 = -5. Suppose 0 = -4*x + 11 + 1. Suppose 100 = l - 2*o - 32, 0 = x*o + 9. What is the greatest common factor of w and l?
14
Let h(a) = a**3 + a**2 + 10. Let z be h(0). What is the highest common divisor of 15 and z?
5
Suppose -k + 5*k + 40 = 0. Let b(u) = -u**2 - 14*u - 4. Let x be b(k). Calculate the highest common factor of 4 and x.
4
Suppose 0 = 13*c - 10*c - 57. Calculate the greatest common factor of 152 and c.
19
Let x(o) = o**3 + o + 1. Let m(b) = -b**3 + 12*b**2 + 9*b + 10. Let a(k) = m(k) + 2*x(k). Let w be a(-11). Calculate the greatest common divisor of w and 36.
12
Let m be (259/14)/((-1)/(-2)). Let f = -22 + m. What is the highest common factor of f and 75?
15
Let w be 3 + -2 - (-7 + 5). Suppose 4*g = w*g + 8. What is the greatest common factor of 24 and g?
8
Let z be 19/57 - (-298)/6. Let t be 2/3 + 28/3. What is the greatest common divisor of t and z?
10
Suppose 3*a + 0*h = -2*h + 40, 17 = a - 3*h. Suppose 3*z - 14 = z. Calculate the greatest common factor of a and z.
7
Let r = 30 + 105. Calculate the greatest common divisor of 15 and r.
15
Let u be ((-3)/(-2))/(1/2). Let a(v) = v**3 + 4*v**2 - 16*v - 46. Let c be a(-5). What is the greatest common factor of c and u?
3
Let l be (-22)/(-209) + 7178/38. Calculate the greatest common factor of 21 and l.
21
Let u be 0 + 5/2*2. Let b(a) = -a**2 + 3*a + 5. Let i be b(4). Calculate the greatest common factor of u and i.
1
Let g = -96 + 147. Let z = 51 - 34. What is the highest common factor of z and g?
17
Let a be (-7 + 2)/((-1)/12). Calculate the highest common factor of a and 15.
15
Let p(b) = b + 5. Let s be p(13). Calculate the highest common divisor of s and 6.
6
Suppose -z - 50 = -6*z. Let q = z + -18. Let g = q - -15. What is the highest common factor of g and 14?
7
Let w be 178 + (-7 - (-5 - -1)). Let x = 251 - w. What is the highest common factor of 19 and x?
19
Let f(n) = n**3 + 6*n**2 + n - 5. Let z be f(-5). Let r be 2/(-3)*z/(-2). Let v be -1 - 9/(27/(-6)). What is the greatest common divisor of v and r?
1
Let p = 207 - 137. Calculate the greatest common divisor of 14 and p.
14
Suppose 0 = 5*s + v - 64, 3*v + 30 = 2*s - v. Let h(j) = 2*j - 2. Let p be h(s). What is the highest common divisor of 12 and p?
12
Let f be 43 - (-36)/30*(-10)/3. Calculate the highest common divisor of 390 and f.
39
Let o be (-2 - 0) + 16 + 4. What is the greatest common factor of 9 and o?
9
Let m be (-3 - 3)/(3/(-4)). Suppose b - 4 = 0, 6*b - m*b = 4*v - 152. What is the greatest common factor of 12 and v?
12
Let g be 1 - 4 - -3 - 33. Let b be g/(-4)*80/15. Calculate the highest common factor of 4 and b.
4
Suppose 0*s + 5*h = s + 16, -4*s + 16 = -4*h. Let x = s - 6. Calculate the highest common divisor of x and 27.
3
Let h = 10 + 24. What is the highest common divisor of 153 and h?
17
Let i(m) be the second derivative of -m**5/20 - m**3/3 + m**2/2 - 3*m. Let g be i(-2). Suppose -5*h = -g - 2. What is the greatest common factor of 24 and h?
3
Let v(t) = t**3 + 11*t**2 + 18*t + 12. Let j be v(-8). What is the greatest common factor of 20 and j?
20
Suppose 0 = -w + 5*w - 256. Suppose -4*p + 5*t = -59, 4*p = 5*t - t + w. What is the greatest common factor of p and 3?
3
Let v(s) = -s**2 - 7*s + 5. Let t be v(-3). Calculate the highest common factor of 187 and t.
17
Let b = 5 - -2. What is the greatest common divisor of b and 1?
1
Let z be (-14)/(-3)*(1 + 35). What is the greatest common factor of 21 and z?
21
Let u be (-4)/20 - 41/(-5). Let j = 37 - 16. Let r = j - 17. What is the greatest common factor of r and u?
4
Let o(j) = -j**3 - 3*j**2 + 4*j + 4. Suppose 4*d + 11 = -5. Let m be o(d). What is the greatest common factor of m and 10?
2
Suppose 2*o - 6 = 2*z, -o + 6*o = -5*z - 35. Let f be 1*-3 + 11 + z. What is the highest common factor of f and 27?
3
Let f(d) = 221*d**2 - 3*d + 2. Let p be f(1). Calculate the highest common divisor of 20 and p.
20
Suppose -3*f - 4 = -2*f. Let g be 5*f*(-6)/15. Suppose 4*s = 5*x - 192, -162 = -5*x - 3*s + 44. Calculate the highest common factor of g and x.
8
Suppose 260 = 3*z - 2*u - 577, 5*z - 3*u = 1395. What is the greatest common divisor of 31 and z?
31
Suppose 3*a - 4*w - 44 = 0, -2*a + 2*w = w - 31. Suppose -3*v + a = -14. What is the greatest common factor of v and 25?
5
Suppose -4*s = -71 + 11. Let o be 3/(-6) + s/2. Calculate the greatest common factor of o and 28.
7
Let g(f) = -2*f - 10. Let y be g(-5). Suppose -5*h + y = -5. Let r be 21/4 - 2/8. Calculate the highest common factor of r and h.
1
Let t(h) = 168*h**3 + h**2 - 1. Let j be t(1). What is the greatest common factor of j and 24?
24
Let l be -110*(-2 + 1 + 0). What is the highest common factor of l and 10?
10
Let h(y) = -y + 21. Let d be h(-9). What is the greatest common divisor of 210 and d?
30
Suppose 0 = 6*c - 64 - 8. What is the highest common divisor of 60 and c?
12
Suppose j - 899 = -4*p, -663 = -5*p + 2*p + 3*j. What is the greatest common factor of 14 and p?
14
Let z(j) = 2 - 2 - 2 + 6*j - 5*j. Let g be z(9). Calculate the highest common factor of 63 and g.
7
Suppose -3*r + 0 = -3. Let w = 4 - 4. Suppose -4*a + 3 + 9 = w. What is the greatest common factor of a and r?
1
Let b = 144 + -130. Calculate the highest common factor of b and 42.
14
Suppose g = -2*c + 9, 2*c + 2*c = -3*g + 23. Suppose -i = c*i. Suppose -3*f - 6 + 87 = i. Calculate the greatest common factor of 9 and f.
9
Suppose -181 = -c + 284. Suppose 3*z - c = -60. Suppose -2*b + 0*b + 30 = 0. Calculate the greatest common divisor of z and b.
15
Let u(x) = x**2 + x - 2. Let c be u(7). What is the highest common factor of c and 27?
27
Suppose 0 = 4*k - 9*k + 180. Calculate the highest common divisor of 4 and k.
4
Suppose 2*j = 3*j - 12. Calculate the highest common divisor of j and 8.
4
Let y(f) = -153*f**3 - f - 1. Let k be y(-1). What is the highest common divisor of k and 17?
17
Let g = 9 + 16. Calculat